{"id":4482,"date":"2021-10-15T20:32:49","date_gmt":"2021-10-15T23:32:49","guid":{"rendered":"http:\/\/arteemmovimento.org\/?page_id=4482"},"modified":"2021-10-16T13:28:49","modified_gmt":"2021-10-16T16:28:49","slug":"artes-visuais","status":"publish","type":"page","link":"https:\/\/arteemmovimento.org\/index.php\/artes-visuais\/","title":{"rendered":"Artes Visuais"},"content":{"rendered":"\n<blockquote class=\"wp-block-quote is-layout-flow wp-block-quote-is-layout-flow\"><p>Fotografia art\u00edstica e documental. Exposi\u00e7\u00f5es fotogr\u00e1ficas.<\/p><\/blockquote>\n\n\n\t\t\t\t<p><em>Seu Arquivo de Portfolio atualmente n\u00e3o tem entradas. Voc\u00ea pode come\u00e7ar a criar-las em seu painel.<\/p><\/em>\n\t\t\t\t\n","protected":false},"excerpt":{"rendered":"<p>Fotografia art\u00edstica e documental. Exposi\u00e7\u00f5es fotogr\u00e1ficas.<\/p>\n","protected":false},"author":1,"featured_media":0,"parent":0,"menu_order":0,"comment_status":"closed","ping_status":"closed","template":"template-full-width.php","meta":{"footnotes":""},"class_list":["post-4482","page","type-page","status-publish","hentry"],"jetpack_sharing_enabled":true,"_links":{"self":[{"href":"https:\/\/arteemmovimento.org\/index.php\/wp-json\/wp\/v2\/pages\/4482","targetHints":{"allow":["GET"]}}],"collection":[{"href":"https:\/\/arteemmovimento.org\/index.php\/wp-json\/wp\/v2\/pages"}],"about":[{"href":"https:\/\/arteemmovimento.org\/index.php\/wp-json\/wp\/v2\/types\/page"}],"author":[{"embeddable":true,"href":"https:\/\/arteemmovimento.org\/index.php\/wp-json\/wp\/v2\/users\/1"}],"replies":[{"embeddable":true,"href":"https:\/\/arteemmovimento.org\/index.php\/wp-json\/wp\/v2\/comments?post=4482"}],"version-history":[{"count":5,"href":"https:\/\/arteemmovimento.org\/index.php\/wp-json\/wp\/v2\/pages\/4482\/revisions"}],"predecessor-version":[{"id":4597,"href":"https:\/\/arteemmovimento.org\/index.php\/wp-json\/wp\/v2\/pages\/4482\/revisions\/4597"}],"wp:attachment":[{"href":"https:\/\/arteemmovimento.org\/index.php\/wp-json\/wp\/v2\/media?parent=4482"}],"curies":[{"name":"wp","href":"https:\/\/api.w.org\/{rel}","templated":true}]}}