{"id":4484,"date":"2021-10-15T20:33:13","date_gmt":"2021-10-15T23:33:13","guid":{"rendered":"http:\/\/arteemmovimento.org\/?page_id=4484"},"modified":"2021-10-16T13:22:09","modified_gmt":"2021-10-16T16:22:09","slug":"midias","status":"publish","type":"page","link":"https:\/\/arteemmovimento.org\/index.php\/midias\/","title":{"rendered":"M\u00eddias Alternativas"},"content":{"rendered":"\n<blockquote class=\"wp-block-quote is-layout-flow wp-block-quote-is-layout-flow\"><p>Material alternativo para realiza\u00e7\u00e3o de eventos. Banners artesanais, crach\u00e1s, bolsas, pastas e canetas de material reciclado. Camisas de fibra de Bamb\u00fa ou de pet e instala\u00e7\u00f5es art\u00edsticas e decorativas. Tudo feito de forma artesanal, utilizando mat\u00e9ria prima reciclada, material biodegrad\u00e1vel e sempre fomentando os pequenos grupos de produ\u00e7\u00e3o.<\/p><\/blockquote>\n\n\n\t\t\t\t<p><em>Seu Arquivo de Portfolio atualmente n\u00e3o tem entradas. Voc\u00ea pode come\u00e7ar a criar-las em seu painel.<\/p><\/em>\n\t\t\t\t\n","protected":false},"excerpt":{"rendered":"<p>Material alternativo para realiza\u00e7\u00e3o de eventos. Banners artesanais, crach\u00e1s, bolsas, pastas e canetas de material reciclado. Camisas de fibra de Bamb\u00fa ou de pet e instala\u00e7\u00f5es art\u00edsticas e decorativas. Tudo feito de forma artesanal, utilizando mat\u00e9ria prima reciclada, material biodegrad\u00e1vel e sempre fomentando os pequenos grupos de produ\u00e7\u00e3o.<\/p>\n","protected":false},"author":1,"featured_media":0,"parent":0,"menu_order":0,"comment_status":"closed","ping_status":"closed","template":"template-full-width.php","meta":{"footnotes":""},"class_list":["post-4484","page","type-page","status-publish","hentry"],"jetpack_sharing_enabled":true,"_links":{"self":[{"href":"https:\/\/arteemmovimento.org\/index.php\/wp-json\/wp\/v2\/pages\/4484","targetHints":{"allow":["GET"]}}],"collection":[{"href":"https:\/\/arteemmovimento.org\/index.php\/wp-json\/wp\/v2\/pages"}],"about":[{"href":"https:\/\/arteemmovimento.org\/index.php\/wp-json\/wp\/v2\/types\/page"}],"author":[{"embeddable":true,"href":"https:\/\/arteemmovimento.org\/index.php\/wp-json\/wp\/v2\/users\/1"}],"replies":[{"embeddable":true,"href":"https:\/\/arteemmovimento.org\/index.php\/wp-json\/wp\/v2\/comments?post=4484"}],"version-history":[{"count":5,"href":"https:\/\/arteemmovimento.org\/index.php\/wp-json\/wp\/v2\/pages\/4484\/revisions"}],"predecessor-version":[{"id":4593,"href":"https:\/\/arteemmovimento.org\/index.php\/wp-json\/wp\/v2\/pages\/4484\/revisions\/4593"}],"wp:attachment":[{"href":"https:\/\/arteemmovimento.org\/index.php\/wp-json\/wp\/v2\/media?parent=4484"}],"curies":[{"name":"wp","href":"https:\/\/api.w.org\/{rel}","templated":true}]}}